o(i) = -487*i - 1364. List the prime factors of o(-8).
2, 3, 211
What are the prime factors of -6*10*(-435 + 271)?
2, 3, 5, 41
Suppose 40779 = 3*b - 89*w + 84*w, 0 = 5*b - 3*w - 67949. What are the prime factors of b?
2, 43, 79
Suppose 0*l - 2*l = 0, 0 = -4*s + 4*l + 1032. Let i(w) = w**2 + 6*w + 13. Let k be i(-3). Suppose -v + k*v = s. List the prime factors of v.
2, 43
Let j(z) = z**3 - 14*z**2 + 18*z - 9. Let a = -11 - -19. Let g be j(a). Let w = 519 + g. What are the prime factors of w?
2, 3, 5
Suppose -3*j - 19 = -4*y, -5*y - j = -3*j - 29. Suppose -y*b + 16*b = 1116. Suppose -53*d + 52*d + b = 0. What are the prime factors of d?
2, 31
Suppose 50 = -7*n + 64. Suppose r = -n, 3*r - 238 = -2*m + 10. List the prime factors of m.
127
Let t = 13315 - 7028. List the prime factors of t.
6287
Let x be 19/57 - 5/(-3). Suppose 2*y + 3*v - 2014 = 0, x*y + 7*v - 6*v = 2022. What are the prime factors of y?
1013
List the prime factors of 27/(-63) - 3/42*-93134.
2, 1663
Let b(u) = 7*u**2 + 1064*u + 936. What are the prime factors of b(-159)?
3, 2909
Suppose 0 = 16*j - 81 + 81. Suppose 5*s = j, 3*f + 5*s - 1828 = -f. List the prime factors of f.
457
Suppose 4*n - 14433 = 7863 + 11056. What are the prime factors of n?
2, 11, 379
List the prime factors of (-259)/((-7)/(-13818)*-7) + 7.
5, 7, 2087
Suppose 4*d + 4*d - 24 = 0. Suppose -3*s = -2*k - 2, -3*s + 5*s = -d*k + 23. Suppose -k*u + 532 + 428 = 0. What are the prime factors of u?
2, 3
Suppose 2*g + 2574 = -20*g. Let b = 247 + g. List the prime factors of b.
2, 5, 13
Let i = 0 + 22. Let l be (-4)/i + 2/11 + 0. List the prime factors of l - (-1)/4 - 2439/(-36).
2, 17
Suppose -3*c = -3*o + 37530, 2*c + 2883 = -o + 15402. What are the prime factors of o?
3, 43, 97
What are the prime factors of 4356 + (-70)/(-14) - -7?
2, 3, 7, 13
Let b(p) = 23*p**2 - 20*p**2 - 12*p - 7 + 4*p. Suppose i + 4*v + 26 = 0, -2*i + 28 = -5*i - 2*v. List the prime factors of b(i).
149
Let y(a) = a**3 + 14*a**2 + 23*a - 756. What are the prime factors of y(17)?
2, 4297
Let q(l) = 7*l**2 + 27*l + 42. Let z = 445 + -458. What are the prime factors of q(z)?
2, 19, 23
Suppose -2*t = 5*x - 73012, -187719 = -5*t + 4*x - 5123. List the prime factors of t.
2, 3, 17, 179
Suppose -15 = 54*q - 57*q. Suppose 1986 = q*b - 11*b. Let m = 467 + b. List the prime factors of m.
2, 17
Let n(w) = 4*w + 4. Let d(a) = -1. Let u(r) = -14*d(r) - 2*n(r). Let m = 47 + -47. What are the prime factors of u(m)?
2, 3
Suppose 23*n - 544968 = -12*n - 23*n. List the prime factors of n.
2, 3, 29
What are the prime factors of (6489 - (-4 - 7)) + 2 + 2?
2, 3, 271
Let n = -5598 - -11109. What are the prime factors of n?
3, 11, 167
Let m(i) = 10*i**2 + 27*i**3 - 7 - 38*i**3 - i + 10*i**3. Suppose 9 = f - 4*d, 0*d = 4*f + 2*d - 36. List the prime factors of m(f).
5, 13
Let q(d) = 19*d**2 + 111*d + 550. List the prime factors of q(62).
2, 20117
Suppose 0 = g - 2*u - 13 + 2, -4*u + 3 = 3*g. Suppose 21 = -12*f + g*f. List the prime factors of (405/f + 1)*2/(-4).
67
Let g(t) = 5*t**3 + 11 + 7 - 4*t**2 + 6 + 18*t - 6*t**2. Let y(j) = -6*j**3 + 9*j**2 - 19*j - 23. Let k(r) = 7*g(r) + 6*y(r). List the prime factors of k(-17).
5, 23
Suppose 11*n + 45 = 20*n. Suppose -n*r + 1785 = -z, -5*z + 576 = 3*r - 495. List the prime factors of r.
3, 7, 17
Let o(c) = 2*c**3 - 4*c**2 - 14*c - 8. Let w be o(-4). What are the prime factors of (2 - w/(-66)) + 15186/33?
2, 5, 23
Suppose -5*u = 5*s - 3*u + 1, -s = 4*u + 11. Suppose x - s - 1 = 0, 4*n - 5450 = x. What are the prime factors of n?
29, 47
Suppose -j - 5 = o - 3*j, 0 = -3*o - j + 13. Let a be (1204 - 0)/(94 - 92). Suppose o*w = -4*w + a. List the prime factors of w.
2, 43
Let p = -18 - -22. Suppose 3*q - 280 = -p*m, 0*m + m - 2*q - 70 = 0. Suppose -m = -5*u + 80. List the prime factors of u.
2, 3, 5
Let p = -151 + 264. Let n = 228 - p. What are the prime factors of n?
5, 23
Suppose -255 - 465 = -15*n. Let q = 54 - n. Let x(r) = 2*r**2 - 6*r + 7. List the prime factors of x(q).
43
Let h(v) = -60*v + 3. Let s be h(4). List the prime factors of s/(-15) + 2/(-30)*-3.
2
Let z(l) = -207*l + 1880. What are the prime factors of z(-37)?
9539
Let v be (-5272)/(-17) - (-28)/(-238). Suppose -65 - v = -3*s. Suppose -s = -x - 4*x. What are the prime factors of x?
5
Let a(m) = 15*m - 15. Let p(c) = 2. Let d(l) = -a(l) - 3*p(l). Suppose 0 = -u - 3 - 2. What are the prime factors of d(u)?
2, 3, 7
List the prime factors of ((-2)/6)/((-3788624)/291432 + 13).
12143
Let k = -175 + 178. List the prime factors of (-11008)/32*(-2 - k/(-2)).
2, 43
Let l = -181 + 214. Let j = l - -678. What are the prime factors of j?
3, 79
Suppose -5*m = 3*u - 364, -m - 3*m = -3*u + 319. Suppose -b + 15 = -u. Suppose 4*n = -2*k + 42 + 202, 0 = -2*n + 2*k + b. What are the prime factors of n?
2, 31
Suppose 29*y - 23*y = 12342. Suppose -7*k + y - 76 = 0. List the prime factors of k.
283
Suppose -3970 = 10*x - 78610. List the prime factors of x.
2, 3, 311
Let l = -211 - -229. What are the prime factors of 27/l*(-8)/6 + 328?
2, 163
Suppose 644 = -2*f - 3*o, -5*f - 1252 = -f - 3*o. Let s = -98 - 56. Let i = s - f. List the prime factors of i.
2, 3
Let l(p) = p**2 + 8*p + 23. Let b be l(-6). Suppose -b*f - 207 = -3*j - 8*f, 4*j = 3*f + 278. List the prime factors of j.
71
Let a be (-222)/(-148)*-314*1. Let g = -226 - a. What are the prime factors of g?
5, 7
Let v be 264/220*35/2. Suppose 20*u + 160 = v*u. What are the prime factors of u?
2, 5
Suppose -7*j - 13956 + 359369 - 21173 = 0. What are the prime factors of j?
2, 3, 5, 193
Suppose -44*c + 11*c + 23892 = 0. Suppose 0 = 2*n, 3976 = 4*y - 5*n - c. List the prime factors of y.
5, 47
Let b(d) = d**3 + 9*d**2 - 17*d + 12588. List the prime factors of b(0).
2, 3, 1049
Let m(c) = 5*c - 37. Suppose 1 = -u + 8. Let l be m(u). List the prime factors of (-195 + 0)*2/l.
3, 5, 13
Let f = 11 - 5. Let d(k) be the second derivative of -k**3/3 + 18*k**2 - 48*k + 2. List the prime factors of d(f).
2, 3
Let v be (8/10)/(32/(-80)). What are the prime factors of (-3 + (-1057)/14)*v?
157
Let x(w) = 7*w + 5. Let v be x(0). Suppose v*g - 136 = 974. Suppose 0 = -30*o + 27*o + g. What are the prime factors of o?
2, 37
Let b = 139 + -232. Suppose -5*q - 70 = 665. Let t = b - q. List the prime factors of t.
2, 3
Let i = 537 + -533. Suppose -4*x - i = 0, -4*q + 3971 = -q - 5*x. List the prime factors of q.
2, 661
Let j be (0 - (-278)/(-1)) + (-12)/(-6). Let m = 91 - j. What are the prime factors of m?
367
List the prime factors of 8/(2/2) - 55068/(-4).
5, 19, 29
Let f(n) = -20*n + 95. Let g(p) = -2*p - 1. Let l(j) = -f(j) - g(j). What are the prime factors of l(13)?
2, 3
Let u be 6/(-9) + 596/12. Let h = u - 46. Suppose -i + h*i + 3*l - 116 = 0, 5*i - 2*l = 290. List the prime factors of i.
2, 29
Suppose 0 = 4*u - 3*m - 73984 - 37004, -2*u + 55476 = 3*m. List the prime factors of u.
2, 3, 17
Let f be 21 - 14 - (0/1)/2. Suppose 12*a - 1230 = f*a. Suppose -2*t + a = 4*t. What are the prime factors of t?
41
Let p(l) = l**3 + 9*l**2 - 21*l + 15. Let n be p(-11). Suppose -5*w + 5373 = n*w. What are the prime factors of w?
3, 199
Let h(t) = 14*t - 50. Let n(d) = -7*d + 26. Let v(l) = 6*h(l) + 10*n(l). List the prime factors of v(18).
2, 53
Let j(f) = 1126*f - 1918. List the prime factors of j(35).
2, 7, 13, 103
Let w(j) = -j**3 - 13*j**2 + 17*j + 4. Let t be w(-14). Let a = t + 38. Suppose a = x - 71 - 32. List the prime factors of x.
103
Suppose 59583 - 10847 = 8*l. What are the prime factors of l?
2, 1523
Let x be -2 + 21*4/(-12). Let b(o) = -o**3 + 6*o**2 + 12*o. List the prime factors of b(x).
3, 41
Let f be ((-9)/(-18))/((-2)/(-12)). Suppose 2*g - 1538 = j - 5*j, 2301 = 3*g + f*j. What are the prime factors of g?
3, 5, 17
Suppose 0 = 285*k - 283*k + 6, -8*u - k = -511981. What are the prime factors of u?
2, 11, 2909
Suppose 3508*k + 3530385 = 3643*k. What are the prime factors of k?
3, 23, 379
Suppose 2 = 11*l - 10*l. Suppose 0 = 4*y - 16, 378 = l*x - 4*y + 88. List the prime factors of x*(-1 + -1 + 3).
3, 17
Suppose -13*c - 560 = -15*c. Let h = -134 + c. List the prime factors of h.
2, 73
Let h = 90 + -84. List the prime factors of -2 + h + -1 + 97.
2, 5
Let n(c) = -2791*c + 889. What are the prime factors of n(-5)?
2, 3, 1237
Let w = -37 - -18. 